 Let r be ((-8)/(-16))/((-1)/a). Is (1688/(-16))/((-1)/r) a prime number?
True
Let u = -19 - -82. Suppose a = 4*h - u, -5*h + h + 3*a + 53 = 0. Is (-19 - -12)/((-1)/h) composite?
True
Suppose -22 = -4*y - 2. Let g(z) = -z**3 + 4*z**2 + 8*z - 7. Let m be g(y). Is 443/(-4)*(-12 + m) prime?
True
Suppose -6*j - 2*t = -2*j - 70906, 2*j = 3*t + 35473. Is j a composite number?
False
Let i = 147429 + 51466. Is i prime?
False
Suppose 0 = -4*o + 11*o - 210. Suppose 6*y + o - 288 = 0. Is y a composite number?
False
Let j be -1 + 39*4/6. Is ((-212)/20)/((-5)/j) a prime number?
True
Suppose z - j - 7 = 0, 2 = -2*z - 2*j - 0. Suppose 1 = l, -z*p - 5*l + 0*l = 1450. Let b = 816 + p. Is b a prime number?
True
Let j be (-4 + 72/15)/((-4)/(-110)). Suppose -o = -357 - j. Is o prime?
True
Let d(q) = -221*q - 7. Let j = 68 + -72. Is d(j) prime?
True
Suppose -38658 = -4*f - 2*g, 8*g - 7*g = f - 9672. Is f a prime number?
False
Suppose 14*a + 27 = 17*a. Suppose 18*r - 15399 = a*r. Is r a prime number?
False
Suppose 12*g + 2569 = 59005. Is g a composite number?
False
Let k = -1286 + 2658. Let l = -831 + k. Is l prime?
True
Let c be ((-3)/4 - 130/40)*-1. Suppose 0 = -5*x - 0*j + 3*j + 710, c*x - 561 = j. Is x prime?
True
Let v(m) = 1154*m**2 - m - 1. Let q be v(-1). Suppose q = 3*d - 607. Is d prime?
True
Suppose 24 - 10 = 2*u. Let b(d) = 2*d**2 - 5*d + 14. Is b(u) composite?
True
Suppose -2*v - 16697 = -i, 178*v = -4*i + 175*v + 66755. Is i composite?
False
Let s(v) = 374*v**2 - v. Let j be (-4)/26 + 171/13. Let x be ((-1)/(-5))/(j/65). Is s(x) a composite number?
False
Suppose -k - 155 = -4*o + 143, -o - 4*k = -66. Suppose -2*h - o + 526 = 0. Suppose 7*a - 9*a + h = 0. Is a composite?
False
Let v(n) = -136*n**3 - 4*n**2 - 3*n - 1. Let g be v(-1). Suppose -3*w + g = -w. Is w a prime number?
True
Suppose 0 = 5*d - 8*d + 5340. Let w = d + -593. Is w a composite number?
False
Suppose 53*o = 19*o + 362474. Is o a composite number?
True
Let f = -5639 + 9432. Is f prime?
True
Let v(c) = 5*c**2 - 29*c - 11. Is v(25) a prime number?
True
Let n = 8 - 2. Let t(w) be the second derivative of 14*w**3 + 7*w**2/2 - w. Is t(n) a prime number?
False
Let a(g) = -g**3 + 3*g**2 - 29*g + 22. Let d be a(10). Let j = 1705 + d. Is j prime?
False
Let k be (-3 - 16/(-4))*4. Suppose -k*r + 5*r = 1055. Suppose -m + r = -3*n, 0 = 5*m + n - 4940 - 271. Is m composite?
True
Let c(v) = -6*v. Let o be c(-2). Suppose x + 9889 = o*x. Is x prime?
False
Let g(c) = -c**2 - 3*c + 18. Let v be g(-5). Is (-36)/9 + v - (-1274)/2 a composite number?
False
Suppose -256 - 92 = -12*s. Let n = s + 486. Is n composite?
True
Let j(g) = -g**3 - g**2 - 2. Let o be j(0). Let n = o - 16. Let p = n + 27. Is p a prime number?
False
Let s(g) = 6*g**2 - 5*g + 5. Let t be s(2). Let y(h) = -h**2 + 36*h + 16. Is y(t) a composite number?
True
Let r(a) = -a**2 - 9*a. Let k be r(-9). Suppose k*g = -2*y - g - 3062, -3*y - g - 4591 = 0. Let b = -942 - y. Is b a composite number?
False
Let k = -88 - -88. Suppose c + 3 = k, p - 4*c + 2*c = 1699. Is p composite?
False
Is (-22)/(6 - 11396/1897) prime?
False
Suppose -v = 4*v + 10. Let m(c) be the second derivative of -41*c**3/3 - c**2/2 + 18*c. Is m(v) a composite number?
False
Suppose -y = 2*l - 10, -2*l - 2*l - 4 = -4*y. Let o be 2/(0 - y/(-126)). Is o/6 - (-6)/12 a prime number?
True
Let v = 19943 - 7960. Is v composite?
True
Suppose -14*x = -3*x + 3*m - 56614, -15442 = -3*x + m. Is x a composite number?
False
Let r(l) = 51*l**2 + 17*l - 11. Is r(8) a prime number?
True
Suppose 2*i + 4094 = 11680. Is i prime?
True
Suppose -m - 1482591 = -5*f, 7*m - 6*m = -4*f + 1186080. Is f composite?
False
Let h = 1109 + -70. Is h a prime number?
True
Suppose 18860 + 12739 = 9*t. Is t a prime number?
True
Let r(t) = t**3 + 10*t**2 + 14*t + 9. Let q be r(-8). Is 188 - 5/(q/(-15)) a composite number?
False
Let o(p) = -2*p**2 - 2*p + 3. Let x be o(-4). Is ((-218)/(-4))/(x/(-210)) a composite number?
True
Let m(o) = -30*o**2 + 6*o + 6. Let v be (3 - -2) + 3 + 3. Let l(z) = 6*z**2 - z - 1. Let b(s) = v*l(s) + 2*m(s). Is b(-6) a composite number?
False
Let x(q) = 2*q**2 + 14*q - 1. Let w = -17 - -33. Suppose 0 = d + i + w, 0 = 5*i - 3*i + 8. Is x(d) a composite number?
True
Suppose 3*h - 4 = 2*h. Suppose h*v = v - 612. Let y = v - -421. Is y a composite number?
True
Suppose -3960 = -3*x + 4*i, 6*i - 1333 = -x + 3*i. Let a = x - 221. Is a composite?
False
Let j be (0/4 + -31)*1. Let m = j + 31. Suppose 5*q + 4*x - 2393 = m, 4*x - 2*x + 6 = 0. Is q a prime number?
False
Let l(d) = 31*d + 3. Let t be (2 + -3)*1 + 11. Suppose -5*o + 10 = -t. Is l(o) prime?
True
Let j be 5/20*-10*-1142. Let p = j + -172. Is p a prime number?
True
Suppose 5*q - 6*q + 4*b = -73583, 2*q - 3*b - 147166 = 0. Is q a composite number?
False
Let g(s) = 0*s**2 + 2*s**2 + s**2 - 4*s**2 + 3*s**3 - 1 + 2*s. Let l be g(1). Suppose -2*t - 659 = -3*p, -6*p + 671 = -l*p - 5*t. Is p a prime number?
False
Let j(w) = 11*w**2 + 9*w - 5. Let s be j(5). Let v = s - -26. Is v a composite number?
True
Let d = -34 - -38. Let n(w) = 77*w - 7. Is n(d) a composite number?
True
Suppose -2*h = -5*q + 13825, -16 = -3*h - 1. Is q a prime number?
True
Let y(i) = i**2 - 7*i + 3. Let g be y(7). Let z(c) = 2*c**3 + 2*c - 2*c**2 - 12 - c**g + 5. Is z(6) prime?
True
Suppose 3*x - 120 = -15. Let p(l) = 10*l + 1. Let j be p(6). Let g = j - x. Is g a prime number?
False
Let u = -4803 - -26982. Is u composite?
True
Let p be (-3)/(-12) - 2/8. Suppose -19 = -s - 5*l, -4*s + 0*l - 2*l + 40 = p. Let o(g) = 39*g + 22. Is o(s) prime?
True
Let l = -57 - -242. Is l - 5/(25/(-10)) prime?
False
Suppose 5*g - 745 = -5*l, -g - 7*l + 150 = -5*l. Suppose 2*q - g - 174 = 0. Is q prime?
False
Let h(i) = 3*i**3 + 30*i**2 - 5*i - 18. Let f be h(-10). Is (-4)/f*-6 - 7922/(-8) a prime number?
True
Let j(n) = 97*n**2 + 6*n + 8. Let o(x) = -x**2 + 6*x + 4. Let m be o(7). Is j(m) a prime number?
True
Let h(z) = 21*z**2 + 11. Suppose 35 = -4*a - 0*q - 3*q, -3*q = -a + 10. Let n be h(a). Let u = 1167 - n. Is u a prime number?
True
Let a = 101 - 491. Let g = 128 - 303. Let o = g - a. Is o a prime number?
False
Let q(o) = 6*o**3 - 1. Let j be q(-1). Let t be 6/(-21) + (-2)/j. Suppose -m + 4*r + 127 = 0, -r - 127 = -m - t*r. Is m composite?
False
Suppose -135688 = -2*n + l, 33*l = 5*n + 28*l - 339225. Is n a prime number?
True
Let w(j) = 6*j**2 + 14*j + 57. Is w(29) a prime number?
False
Let q(f) = 11 - 8 - f**2 + 3 + 8 + 36*f. Is q(19) a composite number?
False
Let g = 6017 - 3312. Let o = g + -1488. Is o a composite number?
False
Let i = -3 - 11. Let o(z) = z**2 + 15*z + 12. Let t be o(i). Is ((-2031)/(-3))/(t - -3) a composite number?
False
Let y be (2 - 0)*-1 - -7. Suppose p = -3*n + 55 + 202, n - y*p - 107 = 0. Is n a prime number?
False
Let r(w) = -5634*w + 197. Is r(-10) composite?
True
Suppose -2*k = z + 81, 0*z = -5*k + 3*z - 219. Let b = 77 + k. Is 89/(-1 + 40/b) a prime number?
False
Let i = -56 - -58. Is (-2 + -1980)*(-1)/i a composite number?
False
Let a = -224 + 585. Let c = a + 180. Is c composite?
False
Suppose 3*h - 2683 = 5*f, 13 = 5*f - 7. Let b = 1280 + h. Is b a prime number?
False
Is (-11)/44 - (3 + (-45603)/12) a prime number?
True
Let r = -48 + 48. Let t = -318 - -816. Suppose r = -4*j + j + t. Is j a composite number?
True
Suppose 17 = 2*r - 4*a - 5, -16 = -2*r + 2*a. Suppose -y + 645 = -5*t, 0 = -2*t + r*t - 6. Let z = y + -446. Is z a prime number?
False
Let d(o) = 11 - 2*o + 0 + 45*o**2 - 5. Is d(4) a composite number?
True
Suppose -10*i + 6*i + 2044 = 0. Is -2 - (-4 - i - 4) composite?
True
Suppose -f - m = -3762, 2*f - 2*m = 3*m + 7517. Is f a composite number?
False
Suppose 10*g - 9*g = 5*v + 6856, 0 = g + v - 6838. Is g prime?
True
Let v be 3 + 1 + 1 + -3. Suppose -n = 4*s + 3*n - 4808, 5*s - v*n = 6045. Is s a composite number?
True
Suppose -4*d = -3*w + 375 - 120, -317 = 5*d - 2*w. Is (-3570)/d*(-3)/(-2) a composite number?
True
Let w be (-3)/3*(-1)/(3/12). Suppose w*c - 704 = 3224. Is c composite?
True
Let k(s) be the second derivative of -7*s**3 - 15*s**2/2 + 5*s. Let d be k(-5). Let u = d + -4. Is u a prime number?
True
Suppose -9*r - 6 = -12*r, 0 = 2*p + 4*r - 39550. Is p a composite number?
True
Let f(r) = -r + 1. Let g be f(-3). Suppose -g*c = -32 